. Let i = c + 2. Suppose 5*v - 2*u - i = 0, 2 - 21 = v - 5*u. What is the units digit of v?
6
Let w(c) = -6*c**2 + 17*c - 4. Let k(o) = o**2 - 2*o + 1. Let s(p) = 5*k(p) + w(p). Let f(x) = -x**2 - 6*x + 1. Let g be f(-5). What is the units digit of s(g)?
7
Suppose 9*w = 8*w + 4. Suppose -5 = -2*f - 3*y, y = -f + w*y + 7. Suppose 0 = f*u + 26 - 98. What is the units digit of u?
8
Suppose 3*b = -15, -35 = -8*p + 3*p - 2*b. Suppose 6*l = p*l - 39. What is the tens digit of l?
1
Let n(j) = 131*j - 57. What is the hundreds digit of n(5)?
5
Let y(w) = w + 1. Let t be y(-4). What is the tens digit of (t/2)/((-30)/520)?
2
Suppose 8*f - 16265 = -2321. What is the hundreds digit of f?
7
Suppose -5*v = -3*q + 6, 3*q = 2*q - 5*v + 2. Suppose -48 - 13 = 4*l + 5*h, 2*h + q = 0. What is the tens digit of (-5)/((-15)/(-9)) - l?
1
Let o(a) = 25*a**3 - a**2 - a - 5. What is the tens digit of o(3)?
5
Suppose 3*r = -b + 26, -4*r + 5*b = r - 30. Let x be r + -8 + 5 + 0. Suppose -48 = -4*g + 2*w, -2*w = x*g - g - 48. What is the tens digit of g?
1
Let k be (-1 + -1)/((-10)/(-40)). Let d = 26 - k. What is the units digit of d?
4
Suppose -5*f - 3*j = -375, 3*f = -2*f + 3*j + 345. What is the tens digit of f?
7
Suppose -3*d + 1444 = 5*c - 134, -d = -2*c - 537. What is the units digit of d?
1
Let w(a) = -3*a + 8. Let c be w(3). Let o be -26 + -2 + 3 + c. What is the units digit of (-1)/3*(o + 2)?
8
Suppose -5*t + 840 = -620. What is the tens digit of t?
9
Let i(o) = -339*o - 45. What is the tens digit of i(-3)?
7
Suppose -6230 = -10*f - 0*f. What is the tens digit of f?
2
Let u(x) = -x**2 + 20*x + 21. Suppose -4 - 28 = -2*m. What is the units digit of u(m)?
5
Let x = 21 + 28. Suppose -3*c = x - 256. What is the tens digit of c?
6
Let z be (-242)/16 + (-2)/(-16). Let y = -11 - z. Suppose 0 = y*n - 0*n - 116. What is the units digit of n?
9
Let v(k) = -84*k + 11. Let i(t) = -85*t + 12. Let u(p) = -4*i(p) + 5*v(p). What is the hundreds digit of u(-2)?
1
Let t(w) = 11*w**2 + 4*w - 10. Let i be t(4). What is the units digit of 490/26 + 28/i?
9
Let p = 557 - 163. Suppose 4 = -2*m + y + p, -5*m - 5*y = -960. What is the tens digit of m?
9
Let k = -1520 - -2540. What is the hundreds digit of k?
0
Suppose 313*x = 318*x - 11850. What is the thousands digit of x?
2
Let x be (-33 + -1)/(-2*(2 - 1)). Let u = x - 13. What is the units digit of u?
4
Suppose -3*v - 64 = 5*c + 71, -135 = 3*v + 4*c. Let m = 66 + v. What is the tens digit of m?
2
Suppose 26*i - 415 = 21*i. Suppose 0 = -2*z - i + 115. What is the tens digit of z?
1
Suppose 16 = 4*o, -2*o + 16 + 4 = 4*s. Suppose 290 = s*d - 5*t, -5*d - 5*t = -558 + 8. What is the units digit of d?
5
Let w = -10 - -18. Let u be (-2)/w + 791/28. Suppose -x + 7 = -u. What is the tens digit of x?
3
Let h(s) = -s**3 + 6*s**2 - 3*s. Let m be h(2). Suppose -3*n - m - 14 = 0. What is the units digit of n/3*15/(-2)?
0
Let s = 77 - 73. Suppose 2*t + 2*t + 4*p - 980 = 0, -2*t + s*p = -472. What is the hundreds digit of t?
2
Let c(v) = 86*v + 22. What is the hundreds digit of c(4)?
3
Suppose -g = -0*g - 3*u - 120, 0 = -2*g - 4*u + 230. Let n(i) = 2*i**3 + 2*i**2 + 2*i - 1. Let z be n(1). Suppose 4*x - g = -z. What is the units digit of x?
8
Let q be 6 + -3 - (-2 - 7). Let u(g) = -g**3 + 12*g**2 - 3*g - 13. Let o be u(q). Let l = -16 - o. What is the units digit of l?
3
Suppose 22*k - 2 = 21*k. What is the units digit of 246/((-9)/(-3)) + k - 1?
3
Suppose -6*u + 4*u - 72 = 0. Let z be (u/6)/((-1)/2). Suppose 62 = 2*o + z. What is the tens digit of o?
2
Let h(i) be the second derivative of 3*i**5/20 + i**4/6 + i**3/6 + 3*i**2/2 - 5*i. Let t be h(3). Suppose 4*l + 13 = t. What is the tens digit of l?
2
Let i be (2/6)/(5/75). Suppose -i*n = -5*u + u - 237, 2*u = 4. What is the tens digit of n?
4
Suppose -4 = 3*o + 32. What is the tens digit of 9 + o + 95*2?
8
Suppose 2*z + 913 = 3*y - 2*z, 0 = 3*z + 3. Let s = y - 154. What is the tens digit of s?
4
Let a(j) = -7*j**3 - 3*j**2 - 5*j - 7. Let x be a(-2). Suppose 0*d + d = -x. Let k = d + 67. What is the units digit of k?
0
Let k(n) = 13*n - 1. Let a = -7 - -12. Let w be k(a). Let m = -37 + w. What is the units digit of m?
7
Suppose -5*r = -1503 + 393. Let n = r + -156. What is the units digit of n?
6
Let u be (3*2)/((-24)/(-32)). Suppose -w + 4*m + 17 = 0, m = 3*m - u. Suppose h + 2*h = w. What is the units digit of h?
1
What is the units digit of 6/1 - (-942)/3?
0
Let d = -308 - -789. Suppose -15*n - d + 2506 = 0. What is the hundreds digit of n?
1
Suppose 2*i = 5*o + 56 - 652, 0 = -4*o - i + 469. Suppose 3*q + o = -0*r + 2*r, 4*r + 5*q - 192 = 0. What is the tens digit of r?
5
Let s(m) = -95*m. Let c be s(-3). Suppose -21 = 2*w - c. What is the hundreds digit of w?
1
Suppose 0 = 7*m - 55*m + 49056. What is the hundreds digit of m?
0
Let w(g) = -g**3 + 2*g**2 + 9*g - 1. Let y(x) = x**2 - 12*x + 15. Let z be y(11). What is the units digit of w(z)?
3
What is the hundreds digit of 6/(-27)*-9 + 2244?
2
Suppose 128 + 10 = 3*h. Let f = h - 22. What is the tens digit of f?
2
Let n(q) = -q**2 + 20*q + 7. Let x be n(15). Suppose -2*w = 0, -170 = -3*l + 2*w + x. What is the tens digit of l?
8
Let p(x) = 30*x**3 - 9*x**2 + 9*x + 16. What is the units digit of p(4)?
8
Let x be (24/18)/((-2)/(-27)). Suppose 20*z - x*z = 0. Suppose -46 = -z*j - j. What is the tens digit of j?
4
Let h(k) = k**2 - 4*k + 27. Let c be h(0). Suppose -c - 30 = -3*v. What is the units digit of v?
9
Let a be (1*1/(-2) + 0)*-62. Suppose 0 = 34*w - a*w - 879. What is the hundreds digit of w?
2
Let l(i) = -i**2 - i - 4. Let t be l(-3). Let b be (-536)/20 + 2/t. What is the tens digit of 6/b + (-310)/(-18)?
1
Suppose -c + 2465 = 2*a, -1229 = -a - 0*c + 3*c. What is the tens digit of (6/(-4))/((-84)/a)?
2
Suppose -70*r + 23267 + 77183 = 0. What is the hundreds digit of r?
4
Let m(i) = 4*i + 3*i + 0*i**2 - 4 + i**2. Suppose -5*x + z - 3*z = 36, 3*x + 16 = -4*z. What is the units digit of m(x)?
4
Suppose -19*f = -3654 - 716. What is the tens digit of f?
3
Let q(o) = 233*o + 47. What is the units digit of q(2)?
3
Let v(w) = -35*w - 3. Let k be v(-1). Let x = k + -5. What is the units digit of x?
7
Let u(j) = 205*j + 13. Let w = -42 - -43. What is the hundreds digit of u(w)?
2
Let i be 0/2*-1 + 6. Suppose -i*v + 2067 = 7*v. What is the units digit of v?
9
Suppose -19 + 15 = -2*v. Suppose 5*q = x + v*q + 11, -3*x = -5*q + 17. What is the units digit of x?
1
Let i(u) = -4*u**2 - 5*u - 11. Let z be i(9). Let f = -250 - z. What is the tens digit of f?
3
Let o(l) = l**2 - 6*l - 5. Let v be 6*((1 - 6) + 4). What is the units digit of o(v)?
7
Let n(z) = -12*z + 1. Let k(r) = -23*r + 1. Let v(q) = 4*k(q) - 7*n(q). Let x = -1 - 1. What is the units digit of v(x)?
3
Let u(m) = m**2 - 9*m - 12. Let v be u(11). Suppose -14*h = -v*h - 292. What is the units digit of h?
3
Let f = -16 - -23. Let h(s) = 13*s + 15. What is the hundreds digit of h(f)?
1
Let s(n) = 13*n**2 + 23*n - 126. What is the tens digit of s(5)?
1
Let y(b) = -5*b - 14. Let j be y(-10). What is the tens digit of 136/j + -4 - (-598)/18?
3
Suppose 5*p - 424 - 3126 = 0. What is the units digit of p?
0
What is the tens digit of ((-2)/(-3))/((-32)/36)*-232?
7
Let v be (14/70)/((2/30)/1). Let w(l) = 2*l**2 - l - 2. Let m be w(2). Suppose v*s - 3*b - 87 = 0, 0 = s - m*b - 26. What is the tens digit of s?
3
Let g = 577 + -217. What is the tens digit of g?
6
Suppose 15*l - 6705 = -0*l. Suppose -11 = -2*a + l. What is the tens digit of a?
2
Let b(p) = -82*p + 107. What is the units digit of b(-9)?
5
Suppose c = -3*c. Let w be -1*c*(-1)/(-2). Suppose w*o + 60 = 4*o. What is the tens digit of o?
1
Let r = -1111 - -1680. What is the tens digit of r?
6
Suppose -19 = -x - j + 1, 5*x - 100 = -2*j. Let f be 20/x + (-1 - -2). Suppose -4*g + 76 = 4*q, f*g + 3*q - 39 = 2*q. What is the units digit of g?
0
Let x(c) = -c**3 - 10*c**2 - 2*c - 1. Suppose -3*u = -3*g - 6, 4*g = -g - 4*u - 1. Let j be -8 + 2 + (-5 - g). What is the tens digit of x(j)?
1
Suppose -2*v - 4*n - 6 = 0, 0 = -3*v - v + 2*n + 28. Suppose -4*y + 11 = -v*y. Let i = 20 + y. What is the units digit of i?
9
Suppose z + 8*f - 3*f - 12 = 0, 2*z - 18 = -4*f. Let b = z - 5. Suppose -3*t - b*t = -5. What is the units digit of t?
1
Let i(n) = 4*n**2 - 12*